{"id":243,"date":"2019-08-06T15:48:09","date_gmt":"2019-08-06T13:48:09","guid":{"rendered":"https:\/\/zeitraum.it-michel.com\/impressum\/"},"modified":"2025-02-27T09:04:21","modified_gmt":"2025-02-27T08:04:21","slug":"imprint","status":"publish","type":"page","link":"https:\/\/www.zeitraum-moebel.de\/de\/imprint\/","title":{"rendered":"Impressum"},"content":{"rendered":"<p><strong>ZEITRAUM \u00f6kologische M\u00f6bel und Einrichtungen GmbH<\/strong><br \/>\n\u00c4u\u00dfere M\u00fcnchener Stra\u00dfe 2<br \/>\n82515 Wolfratshausen<br \/>\nDeutschland<\/p>\n<p>Telefon +49 8171 418130<br \/>\nFax +49 8171 418141<br \/>\ninfo@zeitraum-moebel.de<\/p>\n<p>HRB M\u00fcnchen 296193<br \/>\nUSt-Identifikationsnummer: DE451197395<br \/>\nGesch\u00e4ftsf\u00fchrung: Birgit G\u00e4mmerler, Peter Gaebelein<\/p>\n<p>WEEE Nummer 56712945<\/p>\n<p><strong>Streitschlichtung<br \/>\n<\/strong>Die Europ\u00e4ische Kommission stellt eine Plattform zur Online-Streitbeilegung (OS) bereit:\u00a0<a href=\"https:\/\/ec.europa.eu\/consumers\/odr\" target=\"_blank\" rel=\"noopener noreferrer\">https:\/\/ec.europa.eu\/consumers\/odr<\/a>.<br \/>\nUnsere E-Mail-Adresse finden Sie oben im Impressum.<\/p>\n<p>Wir sind nicht bereit oder verpflichtet, an Streitbeilegungsverfahren vor einer Verbraucherschlichtungsstelle teilzunehmen.<\/p>\n<p><strong>Konzept und Umsetzung<\/strong><br \/>\nZEITRAUM GmbH<\/p>\n<p><strong>Programmierung<\/strong><br \/>\nMichel Internet + Software \/ <a href=\"http:\/\/www.it-michel.de\">www.it-michel.de<\/a><\/p>\n<p><strong>Fotografie<\/strong><br \/>\nCorporate: Heinz von Heydenaber \/ <a href=\"http:\/\/www.heydenaber.de\">www.heydenaber.de<\/a><br \/>\nPortrait: Thomas Dashuber \/ <a href=\"http:\/\/www.thomasdashuber.de\/\">www.thomasdashuber.de<\/a><br \/>\nAdrian Hoellger \/ <a href=\"https:\/\/www.adrianhoellger.com\/\">www.adrianhoellger.com<\/a><br \/>\nMachiel van der Veer \/ <a href=\"http:\/\/www.veersuals.com\">www.veersuals.com<\/a><br \/>\nStudio Mierswa-Kluska \/ <a href=\"http:\/\/www.mierswa-kluska.de\">www.mierswa-kluska.de<\/a><br \/>\nMirjam Fruscella &amp; Daniele Manduzio<br \/>\nNava Rapacchietta Photography \/ <a href=\"http:\/\/www.nava-rapacchietta.com\/\">www.navarapacchietta.com<\/a><br \/>\nTeam Schalterhalle \/ <a href=\"http:\/\/www.schalterhalle.com\">www.schalterhalle.com<\/a><\/p>\n<p><strong>\u00dcbersetzung<br \/>\n<\/strong><span class=\"s1\">global syntax Language Management\u00a0Services \/\u00a0<a href=\"http:\/\/www.global-syntax.com\/\">www.global-syntax.com<\/a><br \/>\n<\/span><span class=\"s1\">Susanne Dickel \u00dcbersetzungen<a href=\"http:\/\/www.global-syntax.com\/\"><br \/>\n<\/a><\/span><\/p>\n","protected":false},"excerpt":{"rendered":"<p>ZEITRAUM \u00f6kologische M\u00f6bel und Einrichtungen GmbH \u00c4u\u00dfere M\u00fcnchener Stra\u00dfe 2 82515 Wolfratshausen Deutschland Telefon +49 8171 418130 Fax +49 8171 418141 info@zeitraum-moebel.de HRB M\u00fcnchen 296193 USt-Identifikationsnummer: DE451197395 Gesch\u00e4ftsf\u00fchrung: Birgit G\u00e4mmerler, Peter Gaebelein WEEE Nummer 56712945 Streitschlichtung Die Europ\u00e4ische Kommission stellt &hellip; <a href=\"https:\/\/www.zeitraum-moebel.de\/de\/imprint\/\">Weiter<\/a><\/p>\n","protected":false},"author":1,"featured_media":0,"parent":0,"menu_order":0,"comment_status":"closed","ping_status":"closed","template":"page-fullwidth.php","meta":{"_acf_changed":false,"footnotes":""},"class_list":["post-243","page","type-page","status-publish","hentry"],"acf":[],"yoast_head":"<!-- This site is optimized with the Yoast SEO Premium plugin v24.7 (Yoast SEO v24.7) - https:\/\/yoast.com\/wordpress\/plugins\/seo\/ -->\n<title>Impressum - Zeitraum<\/title>\n<meta name=\"robots\" content=\"index, follow, max-snippet:-1, max-image-preview:large, max-video-preview:-1\" \/>\n<link rel=\"canonical\" href=\"https:\/\/www.zeitraum-moebel.de\/de\/imprint\/\" \/>\n<meta property=\"og:locale\" content=\"de_DE\" \/>\n<meta property=\"og:type\" content=\"article\" \/>\n<meta property=\"og:title\" content=\"Impressum\" \/>\n<meta property=\"og:description\" content=\"ZEITRAUM \u00f6kologische M\u00f6bel und Einrichtungen GmbH \u00c4u\u00dfere M\u00fcnchener Stra\u00dfe 2 82515 Wolfratshausen Deutschland Telefon +49 8171 418130 Fax +49 8171 418141 info@zeitraum-moebel.de HRB M\u00fcnchen 296193 USt-Identifikationsnummer: DE451197395 Gesch\u00e4ftsf\u00fchrung: Birgit G\u00e4mmerler, Peter Gaebelein WEEE Nummer 56712945 Streitschlichtung Die Europ\u00e4ische Kommission stellt &hellip; Weiter\" \/>\n<meta property=\"og:url\" content=\"https:\/\/www.zeitraum-moebel.de\/de\/imprint\/\" \/>\n<meta property=\"og:site_name\" content=\"Zeitraum\" \/>\n<meta property=\"article:publisher\" content=\"https:\/\/www.facebook.com\/zeitraummoebel\/\" \/>\n<meta property=\"article:modified_time\" content=\"2025-02-27T08:04:21+00:00\" \/>\n<meta name=\"twitter:card\" content=\"summary_large_image\" \/>\n<meta name=\"twitter:label1\" content=\"Gesch\u00e4tzte Lesezeit\" \/>\n\t<meta name=\"twitter:data1\" content=\"1\u00a0Minute\" \/>\n<script type=\"application\/ld+json\" class=\"yoast-schema-graph\">{\"@context\":\"https:\/\/schema.org\",\"@graph\":[{\"@type\":\"WebPage\",\"@id\":\"https:\/\/www.zeitraum-moebel.de\/de\/imprint\/\",\"url\":\"https:\/\/www.zeitraum-moebel.de\/de\/imprint\/\",\"name\":\"Impressum - Zeitraum\",\"isPartOf\":{\"@id\":\"https:\/\/www.zeitraum-moebel.de\/de\/#website\"},\"datePublished\":\"2019-08-06T13:48:09+00:00\",\"dateModified\":\"2025-02-27T08:04:21+00:00\",\"breadcrumb\":{\"@id\":\"https:\/\/www.zeitraum-moebel.de\/de\/imprint\/#breadcrumb\"},\"inLanguage\":\"de\",\"potentialAction\":[{\"@type\":\"ReadAction\",\"target\":[\"https:\/\/www.zeitraum-moebel.de\/de\/imprint\/\"]}]},{\"@type\":\"BreadcrumbList\",\"@id\":\"https:\/\/www.zeitraum-moebel.de\/de\/imprint\/#breadcrumb\",\"itemListElement\":[{\"@type\":\"ListItem\",\"position\":1,\"name\":\"Startseite\",\"item\":\"https:\/\/www.zeitraum-moebel.de\/de\/\"},{\"@type\":\"ListItem\",\"position\":2,\"name\":\"Impressum\"}]},{\"@type\":\"WebSite\",\"@id\":\"https:\/\/www.zeitraum-moebel.de\/de\/#website\",\"url\":\"https:\/\/www.zeitraum-moebel.de\/de\/\",\"name\":\"Zeitraum\",\"description\":\"\",\"publisher\":{\"@id\":\"https:\/\/www.zeitraum-moebel.de\/de\/#organization\"},\"potentialAction\":[{\"@type\":\"SearchAction\",\"target\":{\"@type\":\"EntryPoint\",\"urlTemplate\":\"https:\/\/www.zeitraum-moebel.de\/de\/?s={search_term_string}\"},\"query-input\":{\"@type\":\"PropertyValueSpecification\",\"valueRequired\":true,\"valueName\":\"search_term_string\"}}],\"inLanguage\":\"de\"},{\"@type\":\"Organization\",\"@id\":\"https:\/\/www.zeitraum-moebel.de\/de\/#organization\",\"name\":\"ZEITRAUM GmbH\",\"url\":\"https:\/\/www.zeitraum-moebel.de\/de\/\",\"logo\":{\"@type\":\"ImageObject\",\"inLanguage\":\"de\",\"@id\":\"https:\/\/www.zeitraum-moebel.de\/de\/#\/schema\/logo\/image\/\",\"url\":\"https:\/\/zeitraumcdn-1db3c.kxcdn.com\/wp-content\/uploads\/2020\/02\/zeitraum-logo.png\",\"contentUrl\":\"https:\/\/zeitraumcdn-1db3c.kxcdn.com\/wp-content\/uploads\/2020\/02\/zeitraum-logo.png\",\"width\":431,\"height\":88,\"caption\":\"ZEITRAUM GmbH\"},\"image\":{\"@id\":\"https:\/\/www.zeitraum-moebel.de\/de\/#\/schema\/logo\/image\/\"},\"sameAs\":[\"https:\/\/www.facebook.com\/zeitraummoebel\/\"]}]}<\/script>\n<!-- \/ Yoast SEO Premium plugin. -->","yoast_head_json":{"title":"Impressum - Zeitraum","robots":{"index":"index","follow":"follow","max-snippet":"max-snippet:-1","max-image-preview":"max-image-preview:large","max-video-preview":"max-video-preview:-1"},"canonical":"https:\/\/www.zeitraum-moebel.de\/de\/imprint\/","og_locale":"de_DE","og_type":"article","og_title":"Impressum","og_description":"ZEITRAUM \u00f6kologische M\u00f6bel und Einrichtungen GmbH \u00c4u\u00dfere M\u00fcnchener Stra\u00dfe 2 82515 Wolfratshausen Deutschland Telefon +49 8171 418130 Fax +49 8171 418141 info@zeitraum-moebel.de HRB M\u00fcnchen 296193 USt-Identifikationsnummer: DE451197395 Gesch\u00e4ftsf\u00fchrung: Birgit G\u00e4mmerler, Peter Gaebelein WEEE Nummer 56712945 Streitschlichtung Die Europ\u00e4ische Kommission stellt &hellip; Weiter","og_url":"https:\/\/www.zeitraum-moebel.de\/de\/imprint\/","og_site_name":"Zeitraum","article_publisher":"https:\/\/www.facebook.com\/zeitraummoebel\/","article_modified_time":"2025-02-27T08:04:21+00:00","twitter_card":"summary_large_image","twitter_misc":{"Gesch\u00e4tzte Lesezeit":"1\u00a0Minute"},"schema":{"@context":"https:\/\/schema.org","@graph":[{"@type":"WebPage","@id":"https:\/\/www.zeitraum-moebel.de\/de\/imprint\/","url":"https:\/\/www.zeitraum-moebel.de\/de\/imprint\/","name":"Impressum - Zeitraum","isPartOf":{"@id":"https:\/\/www.zeitraum-moebel.de\/de\/#website"},"datePublished":"2019-08-06T13:48:09+00:00","dateModified":"2025-02-27T08:04:21+00:00","breadcrumb":{"@id":"https:\/\/www.zeitraum-moebel.de\/de\/imprint\/#breadcrumb"},"inLanguage":"de","potentialAction":[{"@type":"ReadAction","target":["https:\/\/www.zeitraum-moebel.de\/de\/imprint\/"]}]},{"@type":"BreadcrumbList","@id":"https:\/\/www.zeitraum-moebel.de\/de\/imprint\/#breadcrumb","itemListElement":[{"@type":"ListItem","position":1,"name":"Startseite","item":"https:\/\/www.zeitraum-moebel.de\/de\/"},{"@type":"ListItem","position":2,"name":"Impressum"}]},{"@type":"WebSite","@id":"https:\/\/www.zeitraum-moebel.de\/de\/#website","url":"https:\/\/www.zeitraum-moebel.de\/de\/","name":"Zeitraum","description":"","publisher":{"@id":"https:\/\/www.zeitraum-moebel.de\/de\/#organization"},"potentialAction":[{"@type":"SearchAction","target":{"@type":"EntryPoint","urlTemplate":"https:\/\/www.zeitraum-moebel.de\/de\/?s={search_term_string}"},"query-input":{"@type":"PropertyValueSpecification","valueRequired":true,"valueName":"search_term_string"}}],"inLanguage":"de"},{"@type":"Organization","@id":"https:\/\/www.zeitraum-moebel.de\/de\/#organization","name":"ZEITRAUM GmbH","url":"https:\/\/www.zeitraum-moebel.de\/de\/","logo":{"@type":"ImageObject","inLanguage":"de","@id":"https:\/\/www.zeitraum-moebel.de\/de\/#\/schema\/logo\/image\/","url":"https:\/\/zeitraumcdn-1db3c.kxcdn.com\/wp-content\/uploads\/2020\/02\/zeitraum-logo.png","contentUrl":"https:\/\/zeitraumcdn-1db3c.kxcdn.com\/wp-content\/uploads\/2020\/02\/zeitraum-logo.png","width":431,"height":88,"caption":"ZEITRAUM GmbH"},"image":{"@id":"https:\/\/www.zeitraum-moebel.de\/de\/#\/schema\/logo\/image\/"},"sameAs":["https:\/\/www.facebook.com\/zeitraummoebel\/"]}]}},"_links":{"self":[{"href":"https:\/\/www.zeitraum-moebel.de\/de\/wp-json\/wp\/v2\/pages\/243","targetHints":{"allow":["GET"]}}],"collection":[{"href":"https:\/\/www.zeitraum-moebel.de\/de\/wp-json\/wp\/v2\/pages"}],"about":[{"href":"https:\/\/www.zeitraum-moebel.de\/de\/wp-json\/wp\/v2\/types\/page"}],"author":[{"embeddable":true,"href":"https:\/\/www.zeitraum-moebel.de\/de\/wp-json\/wp\/v2\/users\/1"}],"replies":[{"embeddable":true,"href":"https:\/\/www.zeitraum-moebel.de\/de\/wp-json\/wp\/v2\/comments?post=243"}],"version-history":[{"count":2,"href":"https:\/\/www.zeitraum-moebel.de\/de\/wp-json\/wp\/v2\/pages\/243\/revisions"}],"predecessor-version":[{"id":65889,"href":"https:\/\/www.zeitraum-moebel.de\/de\/wp-json\/wp\/v2\/pages\/243\/revisions\/65889"}],"wp:attachment":[{"href":"https:\/\/www.zeitraum-moebel.de\/de\/wp-json\/wp\/v2\/media?parent=243"}],"curies":[{"name":"wp","href":"https:\/\/api.w.org\/{rel}","templated":true}]}}

<p><strong>ZEITRAUM ökologische Möbel und Einrichtungen GmbH</strong><br />
Äußere Münchener Straße 2<br />
82515 Wolfratshausen<br />
Deutschland</p>
<p>Telefon +49 8171 418130<br />
Fax +49 8171 418141<br />
info@zeitraum-moebel.de</p>
<p>HRB München 296193<br />
USt-Identifikationsnummer: DE451197395<br />
Geschäftsführung: Birgit Gämmerler, Peter Gaebelein</p>
<p>WEEE Nummer 56712945</p>
<p><strong>Streitschlichtung<br />
</strong>Die Europäische Kommission stellt eine Plattform zur Online-Streitbeilegung (OS) bereit: <a href="https://ec.europa.eu/consumers/odr" target="_blank" rel="noopener noreferrer">https://ec.europa.eu/consumers/odr</a>.<br />
Unsere E-Mail-Adresse finden Sie oben im Impressum.</p>
<p>Wir sind nicht bereit oder verpflichtet, an Streitbeilegungsverfahren vor einer Verbraucherschlichtungsstelle teilzunehmen.</p>
<p><strong>Konzept und Umsetzung</strong><br />
ZEITRAUM GmbH</p>
<p><strong>Programmierung</strong><br />
Michel Internet + Software / <a href="http://www.it-michel.de">www.it-michel.de</a></p>
<p><strong>Fotografie</strong><br />
Corporate: Heinz von Heydenaber / <a href="http://www.heydenaber.de">www.heydenaber.de</a><br />
Portrait: Thomas Dashuber / <a href="http://www.thomasdashuber.de/">www.thomasdashuber.de</a><br />
Adrian Hoellger / <a href="https://www.adrianhoellger.com/">www.adrianhoellger.com</a><br />
Machiel van der Veer / <a href="http://www.veersuals.com">www.veersuals.com</a><br />
Studio Mierswa-Kluska / <a href="http://www.mierswa-kluska.de">www.mierswa-kluska.de</a><br />
Mirjam Fruscella &amp; Daniele Manduzio<br />
Nava Rapacchietta Photography / <a href="http://www.nava-rapacchietta.com/">www.navarapacchietta.com</a><br />
Team Schalterhalle / <a href="http://www.schalterhalle.com">www.schalterhalle.com</a></p>
<p><strong>Übersetzung<br />
</strong><span class="s1">global syntax Language Management Services / <a href="http://www.global-syntax.com/">www.global-syntax.com</a><br />
</span><span class="s1">Susanne Dickel Übersetzungen<a href="http://www.global-syntax.com/"><br />
</a></span></p>

<p>ZEITRAUM ökologische Möbel und Einrichtungen GmbH Äußere Münchener Straße 2 82515 Wolfratshausen Deutschland Telefon +49 8171 418130 Fax +49 8171 418141 info@zeitraum-moebel.de HRB München 296193 USt-Identifikationsnummer: DE451197395 Geschäftsführung: Birgit Gämmerler, Peter Gaebelein WEEE Nummer 56712945 Streitschlichtung Die Europäische Kommission stellt &hellip; <a href="https://www.zeitraum-moebel.de/de/imprint/">Weiter</a></p>

<!-- This site is optimized with the Yoast SEO Premium plugin v24.7 (Yoast SEO v24.7) - https://yoast.com/wordpress/plugins/seo/ -->
<title>Impressum - Zeitraum</title>
<meta name="robots" content="index, follow, max-snippet:-1, max-image-preview:large, max-video-preview:-1" />
<link rel="canonical" href="https://www.zeitraum-moebel.de/de/imprint/" />
<meta property="og:locale" content="de_DE" />
<meta property="og:type" content="article" />
<meta property="og:title" content="Impressum" />
<meta property="og:description" content="ZEITRAUM ökologische Möbel und Einrichtungen GmbH Äußere Münchener Straße 2 82515 Wolfratshausen Deutschland Telefon +49 8171 418130 Fax +49 8171 418141 info@zeitraum-moebel.de HRB München 296193 USt-Identifikationsnummer: DE451197395 Geschäftsführung: Birgit Gämmerler, Peter Gaebelein WEEE Nummer 56712945 Streitschlichtung Die Europäische Kommission stellt &hellip; Weiter" />
<meta property="og:url" content="https://www.zeitraum-moebel.de/de/imprint/" />
<meta property="og:site_name" content="Zeitraum" />
<meta property="article:publisher" content="https://www.facebook.com/zeitraummoebel/" />
<meta property="article:modified_time" content="2025-02-27T08:04:21+00:00" />
<meta name="twitter:card" content="summary_large_image" />
<meta name="twitter:label1" content="Geschätzte Lesezeit" />
	<meta name="twitter:data1" content="1 Minute" />
<script type="application/ld+json" class="yoast-schema-graph">{"@context":"https://schema.org","@graph":[{"@type":"WebPage","@id":"https://www.zeitraum-moebel.de/de/imprint/","url":"https://www.zeitraum-moebel.de/de/imprint/","name":"Impressum - Zeitraum","isPartOf":{"@id":"https://www.zeitraum-moebel.de/de/#website"},"datePublished":"2019-08-06T13:48:09+00:00","dateModified":"2025-02-27T08:04:21+00:00","breadcrumb":{"@id":"https://www.zeitraum-moebel.de/de/imprint/#breadcrumb"},"inLanguage":"de","potentialAction":[{"@type":"ReadAction","target":["https://www.zeitraum-moebel.de/de/imprint/"]}]},{"@type":"BreadcrumbList","@id":"https://www.zeitraum-moebel.de/de/imprint/#breadcrumb","itemListElement":[{"@type":"ListItem","position":1,"name":"Startseite","item":"https://www.zeitraum-moebel.de/de/"},{"@type":"ListItem","position":2,"name":"Impressum"}]},{"@type":"WebSite","@id":"https://www.zeitraum-moebel.de/de/#website","url":"https://www.zeitraum-moebel.de/de/","name":"Zeitraum","description":"","publisher":{"@id":"https://www.zeitraum-moebel.de/de/#organization"},"potentialAction":[{"@type":"SearchAction","target":{"@type":"EntryPoint","urlTemplate":"https://www.zeitraum-moebel.de/de/?s={search_term_string}"},"query-input":{"@type":"PropertyValueSpecification","valueRequired":true,"valueName":"search_term_string"}}],"inLanguage":"de"},{"@type":"Organization","@id":"https://www.zeitraum-moebel.de/de/#organization","name":"ZEITRAUM GmbH","url":"https://www.zeitraum-moebel.de/de/","logo":{"@type":"ImageObject","inLanguage":"de","@id":"https://www.zeitraum-moebel.de/de/#/schema/logo/image/","url":"https://zeitraumcdn-1db3c.kxcdn.com/wp-content/uploads/2020/02/zeitraum-logo.png","contentUrl":"https://zeitraumcdn-1db3c.kxcdn.com/wp-content/uploads/2020/02/zeitraum-logo.png","width":431,"height":88,"caption":"ZEITRAUM GmbH"},"image":{"@id":"https://www.zeitraum-moebel.de/de/#/schema/logo/image/"},"sameAs":["https://www.facebook.com/zeitraummoebel/"]}]}</script>
<!-- / Yoast SEO Premium plugin. -->

ZEITRAUM ökologische Möbel und Einrichtungen GmbH Äußere Münchener Straße 2 82515 Wolfratshausen Deutschland Telefon +49 8171 418130 Fax +49 8171 418141 info@zeitraum-moebel.de HRB München 296193 USt-Identifikationsnummer: DE451197395 Geschäftsführung: Birgit Gämmerler, Peter Gaebelein WEEE Nummer 56712945 Streitschlichtung Die Europäische Kommission stellt &hellip; Weiter
